{"id":17334,"date":"2021-11-03T19:57:12","date_gmt":"2021-11-03T18:57:12","guid":{"rendered":"https:\/\/biblioteka.szemud.pl\/?page_id=17334"},"modified":"2024-10-30T13:55:27","modified_gmt":"2024-10-30T12:55:27","slug":"rodo","status":"publish","type":"page","link":"https:\/\/biblioteka.szemud.pl\/index.php\/rodo\/","title":{"rendered":"RODO"},"content":{"rendered":"\n<p class=\"western\" align=\"center\"><span style=\"font-size: large;\"><b>Informacja o przetwarzaniu danych osobowych<\/b><\/span><\/p>\n<p class=\"western\" align=\"center\"><span style=\"font-size: large;\"><b>w Bibliotece Publicznej Gminy Szemud<\/b><\/span><\/p>\n<p class=\"western\" align=\"center\"><span style=\"font-size: large;\">Szanowni Czytelniku oraz Uczestniku<\/span><\/p>\n<p class=\"western\" align=\"center\"><span style=\"font-size: large;\">zaj\u0119\u0107, warsztat\u00f3w, spotka\u0144 i imprez organizowanych przez Bibliotek\u0119<\/span><\/p>\n<p class=\"western\" align=\"justify\">Zgodnie z art. 13 ust. 1 i 2 Rozporz\u0105dzenia Parlamentu Europejskiego i Rady (UE) 2016\/679 z&nbsp;dnia 27 kwietnia 2016 r. w sprawie ochrony os\u00f3b fizycznych w zwi\u0105zku z przetwarzaniem danych osobowych i w sprawie swobodnego przep\u0142ywu takich danych oraz uchylenia dyrektywy 95\/46\/WE <span style=\"color: #000000;\">(dalej: RODO)<\/span> informujemy, \u017ce:<\/p>\n<ol>\n<li>\n<p>Administratorem Pa\u0144stwa danych osobowych jest Biblioteka Publiczna Gminy Szemud z siedzib\u0105 w Szemudzie przy ul. E. Kwidzi\u0144skiego 1, tel. 58 739 77 01, e-mail: szemud@bibliotekaszemud.pl.<\/p>\n<\/li>\n<li>\n<p align=\"justify\">Podstaw\u0105 prawn\u0105 przetwarzania Pa\u0144stwa danych osobowych s\u0105 przepisy prawa:&nbsp;Ustawa z dnia 27 czerwca 1997 r. o bibliotekach, Ustawa z dnia 25 pa\u017adziernika 1991 r. o organizowaniu i&nbsp;prowadzeniu dzia\u0142alno\u015bci kulturalnej oraz Ustawa z dnia 29 czerwca 1995 r. o statystyce publicznej. Ponadto w zakresie przetwarzania wizerunku podstaw\u0105 jest udzielona zgoda.<\/p>\n<\/li>\n<li>\n<p>Pa\u0144stwa dane osobowe b\u0119d\u0105 przetwarzane:<\/p>\n<ol type=\"a\">\n<li>\n<p align=\"justify\">w zakresie podstawowej dzia\u0142alno\u015bci Biblioteki \u2013 w celu realizacji zada\u0144 Biblioteki w zakresie ewidencji wypo\u017cycze\u0144 i statystyki GUS, a w przypadku wyst\u0105pienia zobowi\u0105za\u0144 w stosunku do Biblioteki \u2013 w zakresie zwi\u0105zanym z ich egzekucj\u0105;<\/p>\n<\/li>\n<li>\n<p align=\"justify\">w zakresie dodatkowej dzia\u0142alno\u015bci Biblioteki \u2013 w celu organizacji, przeprowadzenia, rozliczenia i udokumentowania dzia\u0142a\u0144 Biblioteki (dot. zaj\u0119\u0107, warsztat\u00f3w, spotka\u0144 i imprez) zgodnie z&nbsp;przyj\u0119tymi zasadami (regulaminami).<\/p>\n<\/li>\n<\/ol>\n<\/li>\n<li>\n<p align=\"justify\">Podanie danych w zakresie podstawowej i dodatkowej dzia\u0142alno\u015bci Biblioteki jest obowi\u0105zkowe, niezb\u0119dne dla wype\u0142nienia obowi\u0105zku prawnego ci\u0105\u017c\u0105cego na Administratorze danych i&nbsp;wzajemnych zobowi\u0105za\u0144 wynikaj\u0105cych z zapisu na czytelnika Biblioteki b\u0105d\u017a uczestnika zaj\u0119\u0107, warsztat\u00f3w, spotka\u0144 i imprez.<\/p>\n<\/li>\n<li>\n<p align=\"justify\">Informujemy, \u017ce w celu dokumentacyjnym przebieg zaj\u0119\u0107, warsztat\u00f3w, spotka\u0144 i imprez, jest utrwalany za pomoc\u0105 urz\u0105dze\u0144 rejestruj\u0105cych obraz i\/lub d\u017awi\u0119k, kt\u00f3re mog\u0105 by\u0107 opublikowane na stronie internetowej, w mediach spo\u0142eczno\u015bciowych i prasie. Przetwarzanie, w tym rejestrowanie Pa\u0144stwa wizerunku i\/lub barwy g\u0142osu odbywa si\u0119 &#8211; w przypadku realizacji dzia\u0142alno\u015bci dodatkowej o charakterze zamkni\u0119tym (zapisy) &#8211; na podstawie udzielonej zgody, natomiast w przypadku dzia\u0142alno\u015bci dodatkowej o charakterze otwartym (wst\u0119p wolny) \u2013 bez Pa\u0144stwa odr\u0119bnej zgody (Pa\u0144stwa uczestnictwo w takiej dzia\u0142alno\u015bci jest r\u00f3wnoznaczne z udzieleniem takiej zgody).<\/p>\n<\/li>\n<li>\n<p align=\"justify\">Odbiorc\u0105 Pa\u0144stwa danych mog\u0105 by\u0107 podmioty uprawnione na podstawie przepis\u00f3w prawa oraz podmioty wykonuj\u0105ce zadania Biblioteki na podstawie zawartych z ni\u0105 um\u00f3w i\/lub zlece\u0144, zwi\u0105zanych ze \u015bwiadczonymi przez ni\u0105 na rzecz Pa\u0144stwa us\u0142ugami.<\/p>\n<\/li>\n<li>\n<p align=\"justify\">Pa\u0144stwa dane osobowe b\u0119d\u0105 przechowywane przez okres wynikaj\u0105cy z przepis\u00f3w prawa niezb\u0119dny do wykonywania praw i obowi\u0105zk\u00f3w Biblioteki, wynikaj\u0105cych ze \u015bwiadczonych na rzecz Pa\u0144stwa us\u0142ug, a w przypadku danych podanych na podstawie wyra\u017conej zgody \u2013 do czasu jej wycofania (bez wp\u0142ywu na zgodno\u015b\u0107 z prawem przetwarzania dokonanego przed jej wycofaniem).<\/p>\n<\/li>\n<li>\n<p align=\"justify\">Pa\u0144stwa dane nie b\u0119d\u0105 podlega\u0142y profilowaniu ani przekazywaniu \u2013 bez dodatkowej i wyra\u017anej Pa\u0144stwa zgody \u2013 do pa\u0144stw trzecich.<\/p>\n<\/li>\n<li>\n<p align=\"justify\"><a name=\"_GoBack\"><\/a> Przys\u0142uguje Pa\u0144stwu prawo do \u017c\u0105dania dost\u0119pu do swoich danych, a tak\u017ce prawo do (w sytuacjach okre\u015blonych przepisami prawa): \u017c\u0105dania ich sprostowania, usuni\u0119cia lub ograniczenia przetwarzania, wniesienia sprzeciwu wobec ich przetwarzania oraz prawo do z\u0142o\u017cenia skargi w&nbsp;zwi\u0105zku z niezgodnym z przepisami ich przetwarzaniem do Prezesa Urz\u0119du Ochrony Danych Osobowych (00-193 Warszawa, ul. Stawki 2).<\/p>\n<\/li>\n<\/ol>\n<p class=\"western\" align=\"right\">Administrator Danych Osobowych &#8211; Dyrektor Biblioteki<\/p>\n","protected":false},"excerpt":{"rendered":"<div class=\"mh-excerpt\"><p>Informacja o przetwarzaniu danych osobowych w Bibliotece Publicznej Gminy Szemud Szanowni Czytelniku oraz Uczestniku zaj\u0119\u0107, warsztat\u00f3w, spotka\u0144 i imprez organizowanych przez Bibliotek\u0119 Zgodnie z art. <a class=\"mh-excerpt-more\" href=\"https:\/\/biblioteka.szemud.pl\/index.php\/rodo\/\" title=\"RODO\">[&#8230;]<\/a><\/p>\n<\/div>","protected":false},"author":3,"featured_media":0,"parent":0,"menu_order":0,"comment_status":"closed","ping_status":"closed","template":"","meta":{"_price":"","_stock":"","_tribe_ticket_header":"","_tribe_default_ticket_provider":"","_tribe_ticket_capacity":"0","_ticket_start_date":"","_ticket_end_date":"","_tribe_ticket_show_description":"","_tribe_ticket_show_not_going":false,"_tribe_ticket_use_global_stock":"","_tribe_ticket_global_stock_level":"","_global_stock_mode":"","_global_stock_cap":"","_tribe_rsvp_for_event":"","_tribe_ticket_going_count":"","_tribe_ticket_not_going_count":"","_tribe_tickets_list":"[]","_tribe_ticket_has_attendee_info_fields":false,"_mc_calendar":[],"footnotes":"","_tec_slr_enabled":"","_tec_slr_layout":""},"class_list":["post-17334","page","type-page","status-publish","hentry"],"ticketed":false,"_links":{"self":[{"href":"https:\/\/biblioteka.szemud.pl\/index.php\/wp-json\/wp\/v2\/pages\/17334","targetHints":{"allow":["GET"]}}],"collection":[{"href":"https:\/\/biblioteka.szemud.pl\/index.php\/wp-json\/wp\/v2\/pages"}],"about":[{"href":"https:\/\/biblioteka.szemud.pl\/index.php\/wp-json\/wp\/v2\/types\/page"}],"author":[{"embeddable":true,"href":"https:\/\/biblioteka.szemud.pl\/index.php\/wp-json\/wp\/v2\/users\/3"}],"replies":[{"embeddable":true,"href":"https:\/\/biblioteka.szemud.pl\/index.php\/wp-json\/wp\/v2\/comments?post=17334"}],"version-history":[{"count":3,"href":"https:\/\/biblioteka.szemud.pl\/index.php\/wp-json\/wp\/v2\/pages\/17334\/revisions"}],"predecessor-version":[{"id":56317,"href":"https:\/\/biblioteka.szemud.pl\/index.php\/wp-json\/wp\/v2\/pages\/17334\/revisions\/56317"}],"wp:attachment":[{"href":"https:\/\/biblioteka.szemud.pl\/index.php\/wp-json\/wp\/v2\/media?parent=17334"}],"curies":[{"name":"wp","href":"https:\/\/api.w.org\/{rel}","templated":true}]}}