{"id":14886,"date":"2021-01-21T11:25:21","date_gmt":"2021-01-21T10:25:21","guid":{"rendered":"https:\/\/biblioteka.szemud.pl\/?page_id=14886"},"modified":"2025-11-19T08:58:15","modified_gmt":"2025-11-19T07:58:15","slug":"mala-ksiazka-wielki-czlowiek","status":"publish","type":"page","link":"https:\/\/biblioteka.szemud.pl\/index.php\/mala-ksiazka-wielki-czlowiek\/","title":{"rendered":"Ma\u0142a ksi\u0105\u017cka wielki cz\u0142owiek"},"content":{"rendered":"\n\n<h2 style=\"text-align: center;\">#wielkiczlowiekwbibliotece<\/h2>\n<p>https:\/\/www.facebook.com\/103369736454045\/videos\/965756514123322\/<\/p>\n\n\n<hr class=\"wp-block-separator has-css-opacity\"\/>\n\n\n<div class=\"wp-block-image is-resized\">\n<figure class=\"aligncenter size-large\"><img loading=\"lazy\" decoding=\"async\" width=\"724\" height=\"1024\" src=\"https:\/\/biblioteka.szemud.pl\/wp-content\/uploads\/2025\/11\/plakat-2-724x1024.png\" alt=\"\" class=\"wp-image-73620\" style=\"width:557px\" srcset=\"https:\/\/biblioteka.szemud.pl\/wp-content\/uploads\/2025\/11\/plakat-2-724x1024.png 724w, https:\/\/biblioteka.szemud.pl\/wp-content\/uploads\/2025\/11\/plakat-2-212x300.png 212w, https:\/\/biblioteka.szemud.pl\/wp-content\/uploads\/2025\/11\/plakat-2-768x1086.png 768w, https:\/\/biblioteka.szemud.pl\/wp-content\/uploads\/2025\/11\/plakat-2-1086x1536.png 1086w, https:\/\/biblioteka.szemud.pl\/wp-content\/uploads\/2025\/11\/plakat-2.png 1414w\" sizes=\"auto, (max-width: 724px) 100vw, 724px\" \/><\/figure>\n<\/div>\n\n<div class=\"wp-block-image is-resized\">\n<figure class=\"aligncenter size-large\"><img loading=\"lazy\" decoding=\"async\" width=\"724\" height=\"1024\" src=\"https:\/\/biblioteka.szemud.pl\/wp-content\/uploads\/2025\/10\/MKWCz_informator-1-obrazy-0-724x1024.jpg\" alt=\"\" class=\"wp-image-72775\" style=\"width:557px\" srcset=\"https:\/\/biblioteka.szemud.pl\/wp-content\/uploads\/2025\/10\/MKWCz_informator-1-obrazy-0-724x1024.jpg 724w, https:\/\/biblioteka.szemud.pl\/wp-content\/uploads\/2025\/10\/MKWCz_informator-1-obrazy-0-212x300.jpg 212w, https:\/\/biblioteka.szemud.pl\/wp-content\/uploads\/2025\/10\/MKWCz_informator-1-obrazy-0-768x1086.jpg 768w, https:\/\/biblioteka.szemud.pl\/wp-content\/uploads\/2025\/10\/MKWCz_informator-1-obrazy-0-1086x1536.jpg 1086w, https:\/\/biblioteka.szemud.pl\/wp-content\/uploads\/2025\/10\/MKWCz_informator-1-obrazy-0-1448x2048.jpg 1448w, https:\/\/biblioteka.szemud.pl\/wp-content\/uploads\/2025\/10\/MKWCz_informator-1-obrazy-0-scaled.jpg 1811w\" sizes=\"auto, (max-width: 724px) 100vw, 724px\" \/><\/figure>\n<\/div>\n\n<div class=\"wp-block-image\">\n<figure class=\"aligncenter size-large is-resized\"><img loading=\"lazy\" decoding=\"async\" width=\"724\" height=\"1024\" src=\"https:\/\/biblioteka.szemud.pl\/wp-content\/uploads\/2025\/10\/MKWCz_informator-2-obrazy-0-724x1024.jpg\" alt=\"\" class=\"wp-image-72776\" style=\"width:557px\" srcset=\"https:\/\/biblioteka.szemud.pl\/wp-content\/uploads\/2025\/10\/MKWCz_informator-2-obrazy-0-724x1024.jpg 724w, https:\/\/biblioteka.szemud.pl\/wp-content\/uploads\/2025\/10\/MKWCz_informator-2-obrazy-0-212x300.jpg 212w, https:\/\/biblioteka.szemud.pl\/wp-content\/uploads\/2025\/10\/MKWCz_informator-2-obrazy-0-768x1086.jpg 768w, https:\/\/biblioteka.szemud.pl\/wp-content\/uploads\/2025\/10\/MKWCz_informator-2-obrazy-0-1086x1536.jpg 1086w, https:\/\/biblioteka.szemud.pl\/wp-content\/uploads\/2025\/10\/MKWCz_informator-2-obrazy-0-1448x2048.jpg 1448w, https:\/\/biblioteka.szemud.pl\/wp-content\/uploads\/2025\/10\/MKWCz_informator-2-obrazy-0-scaled.jpg 1811w\" sizes=\"auto, (max-width: 724px) 100vw, 724px\" \/><\/figure>\n<\/div>\n\n<div class=\"wp-block-image\">\n<figure class=\"aligncenter size-full is-resized\"><img loading=\"lazy\" decoding=\"async\" width=\"940\" height=\"788\" src=\"https:\/\/biblioteka.szemud.pl\/wp-content\/uploads\/2024\/10\/GRAFIKA-DO-KOMUNIKATU-1.png\" alt=\"\" class=\"wp-image-56313\" style=\"width:650px\" srcset=\"https:\/\/biblioteka.szemud.pl\/wp-content\/uploads\/2024\/10\/GRAFIKA-DO-KOMUNIKATU-1.png 940w, https:\/\/biblioteka.szemud.pl\/wp-content\/uploads\/2024\/10\/GRAFIKA-DO-KOMUNIKATU-1-300x251.png 300w, https:\/\/biblioteka.szemud.pl\/wp-content\/uploads\/2024\/10\/GRAFIKA-DO-KOMUNIKATU-1-768x644.png 768w\" sizes=\"auto, (max-width: 940px) 100vw, 940px\" \/><\/figure>\n<\/div>\n\n<div class=\"wp-block-image\">\n<figure class=\"aligncenter size-large is-resized\"><img loading=\"lazy\" decoding=\"async\" width=\"796\" height=\"1024\" src=\"https:\/\/biblioteka.szemud.pl\/wp-content\/uploads\/2025\/11\/Plakat-1-796x1024.jpg\" alt=\"\" class=\"wp-image-73621\" style=\"width:557px\" srcset=\"https:\/\/biblioteka.szemud.pl\/wp-content\/uploads\/2025\/11\/Plakat-1-796x1024.jpg 796w, https:\/\/biblioteka.szemud.pl\/wp-content\/uploads\/2025\/11\/Plakat-1-233x300.jpg 233w, https:\/\/biblioteka.szemud.pl\/wp-content\/uploads\/2025\/11\/Plakat-1-768x987.jpg 768w, https:\/\/biblioteka.szemud.pl\/wp-content\/uploads\/2025\/11\/Plakat-1-1195x1536.jpg 1195w, https:\/\/biblioteka.szemud.pl\/wp-content\/uploads\/2025\/11\/Plakat-1.jpg 1400w\" sizes=\"auto, (max-width: 796px) 100vw, 796px\" \/><\/figure>\n<\/div>\n\n<p style=\"text-align: center;\">Strona internetowa projektu: <a href=\"http:\/\/www.wielki-czlowiek.pl.\" target=\"_blank\" rel=\"noopener noreferrer\">http:\/\/wielki-czlowiek.pl\/<\/a><\/p>\n<p style=\"text-align: center;\">Do udzia\u0142u w akcji zapraszamy dzieci z rocznik\u00f3w 2019-2022.<\/p>","protected":false},"excerpt":{"rendered":"<div class=\"mh-excerpt\"><p>#wielkiczlowiekwbibliotece https:\/\/www.facebook.com\/103369736454045\/videos\/965756514123322\/ Strona internetowa projektu: http:\/\/wielki-czlowiek.pl\/ Do udzia\u0142u w akcji zapraszamy dzieci z rocznik\u00f3w 2019-2022.<\/p>\n<\/div>","protected":false},"author":2,"featured_media":0,"parent":0,"menu_order":0,"comment_status":"closed","ping_status":"closed","template":"","meta":{"_price":"","_stock":"","_tribe_ticket_header":"","_tribe_default_ticket_provider":"","_tribe_ticket_capacity":"0","_ticket_start_date":"","_ticket_end_date":"","_tribe_ticket_show_description":"","_tribe_ticket_show_not_going":false,"_tribe_ticket_use_global_stock":"","_tribe_ticket_global_stock_level":"","_global_stock_mode":"","_global_stock_cap":"","_tribe_rsvp_for_event":"","_tribe_ticket_going_count":"","_tribe_ticket_not_going_count":"","_tribe_tickets_list":"[]","_tribe_ticket_has_attendee_info_fields":false,"_mc_calendar":[],"footnotes":"","_tec_slr_enabled":"","_tec_slr_layout":""},"class_list":["post-14886","page","type-page","status-publish","hentry"],"ticketed":false,"_links":{"self":[{"href":"https:\/\/biblioteka.szemud.pl\/index.php\/wp-json\/wp\/v2\/pages\/14886","targetHints":{"allow":["GET"]}}],"collection":[{"href":"https:\/\/biblioteka.szemud.pl\/index.php\/wp-json\/wp\/v2\/pages"}],"about":[{"href":"https:\/\/biblioteka.szemud.pl\/index.php\/wp-json\/wp\/v2\/types\/page"}],"author":[{"embeddable":true,"href":"https:\/\/biblioteka.szemud.pl\/index.php\/wp-json\/wp\/v2\/users\/2"}],"replies":[{"embeddable":true,"href":"https:\/\/biblioteka.szemud.pl\/index.php\/wp-json\/wp\/v2\/comments?post=14886"}],"version-history":[{"count":21,"href":"https:\/\/biblioteka.szemud.pl\/index.php\/wp-json\/wp\/v2\/pages\/14886\/revisions"}],"predecessor-version":[{"id":73623,"href":"https:\/\/biblioteka.szemud.pl\/index.php\/wp-json\/wp\/v2\/pages\/14886\/revisions\/73623"}],"wp:attachment":[{"href":"https:\/\/biblioteka.szemud.pl\/index.php\/wp-json\/wp\/v2\/media?parent=14886"}],"curies":[{"name":"wp","href":"https:\/\/api.w.org\/{rel}","templated":true}]}}